{"id":136,"date":"2021-09-09T22:49:56","date_gmt":"2021-09-09T20:49:56","guid":{"rendered":"http:\/\/imkerverein-troisdorf.de\/newWebsite\/?page_id=136"},"modified":"2025-06-11T15:37:08","modified_gmt":"2025-06-11T13:37:08","slug":"der-honig","status":"publish","type":"page","link":"https:\/\/imkerverein-troisdorf.de\/newWebsite\/der-honig\/","title":{"rendered":"Honig"},"content":{"rendered":"\t\t<div data-elementor-type=\"wp-page\" data-elementor-id=\"136\" class=\"elementor elementor-136\">\n\t\t\t\t<div class=\"elementor-element elementor-element-210b9d4 e-flex e-con-boxed e-con e-parent\" data-id=\"210b9d4\" data-element_type=\"container\" data-e-type=\"container\">\n\t\t\t\t\t<div class=\"e-con-inner\">\n\t\t\t\t<div class=\"elementor-element elementor-element-bd7446c elementor-widget elementor-widget-text-editor\" data-id=\"bd7446c\" data-element_type=\"widget\" data-e-type=\"widget\" data-widget_type=\"text-editor.default\">\n\t\t\t\t<div class=\"elementor-widget-container\">\n\t\t\t\t\t\t\t\t\t<h5>\u201eHonig: Nat\u00fcrliches Gold mit vielseitigen Vorteilen\u201c<\/h5><p>Honig ist ein nat\u00fcrliches S\u00fc\u00dfungsmittel, das von Honigbienen (Apis mellifera) aus dem Nektar von Bl\u00fcten produziert wird. Durch einen Prozess der enzymatischen Aktivit\u00e4t und die Verdunstung von Wasser verwandeln die Bienen den Nektar in Honig und lagern ihn in Waben.<\/p><p><img decoding=\"async\" class=\" wp-image-2992 alignleft\" src=\"https:\/\/imkerverein-troisdorf.de\/newWebsite\/wp-content\/uploads\/2024\/08\/honey-1958464_1280-225x300.jpg\" alt=\"\" width=\"141\" height=\"188\" srcset=\"https:\/\/imkerverein-troisdorf.de\/newWebsite\/wp-content\/uploads\/2024\/08\/honey-1958464_1280-225x300.jpg 225w, https:\/\/imkerverein-troisdorf.de\/newWebsite\/wp-content\/uploads\/2024\/08\/honey-1958464_1280-768x1024.jpg 768w, https:\/\/imkerverein-troisdorf.de\/newWebsite\/wp-content\/uploads\/2024\/08\/honey-1958464_1280.jpg 960w\" sizes=\"(max-width: 141px) 100vw, 141px\" \/><\/p><p>Honig ist nicht nur ein vielseitiges Lebensmittel, sondern auch f\u00fcr seine gesundheitlichen Vorteile bekannt. Er enth\u00e4lt Antioxidantien, antibakterielle und entz\u00fcndungshemmende Eigenschaften, die das Immunsystem st\u00e4rken k\u00f6nnen. Zudem ist Honig reich an nat\u00fcrlichen Zuckern, Vitaminen und Mineralstoffen wie Vitamin C, Kalzium und Eisen. Honig wird in verschiedenen Sorten angeboten, abh\u00e4ngig von der Bl\u00fctenquelle, wie z. B. Akazien-, Linden- oder Manuka-Honig, die jeweils unterschiedliche Geschmacksprofile und gesundheitliche Vorteile bieten.<\/p><p><img decoding=\"async\" class=\" wp-image-2993 alignright\" src=\"https:\/\/imkerverein-troisdorf.de\/newWebsite\/wp-content\/uploads\/2024\/08\/pancakes-2139844_1280-200x300.jpg\" alt=\"\" width=\"103\" height=\"155\" srcset=\"https:\/\/imkerverein-troisdorf.de\/newWebsite\/wp-content\/uploads\/2024\/08\/pancakes-2139844_1280-200x300.jpg 200w, https:\/\/imkerverein-troisdorf.de\/newWebsite\/wp-content\/uploads\/2024\/08\/pancakes-2139844_1280-682x1024.jpg 682w, https:\/\/imkerverein-troisdorf.de\/newWebsite\/wp-content\/uploads\/2024\/08\/pancakes-2139844_1280-768x1152.jpg 768w, https:\/\/imkerverein-troisdorf.de\/newWebsite\/wp-content\/uploads\/2024\/08\/pancakes-2139844_1280.jpg 853w\" sizes=\"(max-width: 103px) 100vw, 103px\" \/><\/p><p>In der K\u00fcche wird Honig nicht nur als S\u00fc\u00dfungsmittel f\u00fcr Getr\u00e4nke und Speisen verwendet, sondern auch in Marinaden, Dressings und Backwaren.<\/p><p>Die Konsistenz von Honig kann stark variieren und h\u00e4ngt von mehreren Faktoren ab, darunter die Art der Bl\u00fcten, aus denen der Nektar stammt, der Wassergehalt sowie die Lager- und Verarbeitungsbedingungen. Grunds\u00e4tzlich kann Honig fl\u00fcssig, halbfest (kristallisiert) oder cremig sein:<\/p><ul><li><strong>Fl\u00fcssiger Honig:<\/strong> Frisch geschleuderter Honig ist in der Regel fl\u00fcssig und hat eine sirupartige Konsistenz. Diese Form ist besonders beliebt, da sie leicht zu dosieren und zu verarbeiten ist.<br \/><br \/><\/li><li><strong>Kristallisierter Honig:<\/strong> Mit der Zeit neigt Honig dazu, zu kristallisieren. Dies geschieht, wenn die Glukose im Honig auskristallisiert und eine k\u00f6rnige, festere Struktur bildet. Kristallisierung ist ein nat\u00fcrlicher Prozess und kein Zeichen von schlechter Qualit\u00e4t; sie kann durch leichtes Erw\u00e4rmen r\u00fcckg\u00e4ngig gemacht werden.<br \/><br \/><\/li><li><strong>Cremiger Honig:<\/strong> Durch kontrollierte Kristallisation und R\u00fchren kann eine cremige Konsistenz erzielt werden. Dieser \u201ecremige\u201c oder \u201er\u00fchrte\u201c Honig hat eine streichf\u00e4hige Textur und ist besonders angenehm f\u00fcr den Verzehr auf Brot oder Br\u00f6tchen.<\/li><\/ul><p>Die Konsistenz kann auch von der Temperatur beeinflusst werden: Bei k\u00e4lteren Temperaturen neigt Honig dazu, fester zu werden, w\u00e4hrend er bei w\u00e4rmeren Temperaturen fl\u00fcssiger bleibt. Unabh\u00e4ngig von der Konsistenz beh\u00e4lt Honig seine S\u00fc\u00dfe und seine charakteristischen Aromen bei.<\/p>\t\t\t\t\t\t\t\t<\/div>\n\t\t\t\t<\/div>\n\t\t\t\t\t<\/div>\n\t\t\t\t<\/div>\n\t\t<div class=\"elementor-element elementor-element-638c9a7 e-flex e-con-boxed e-con e-parent\" data-id=\"638c9a7\" data-element_type=\"container\" data-e-type=\"container\">\n\t\t\t\t\t<div class=\"e-con-inner\">\n\t\t\t\t<div class=\"elementor-element elementor-element-a9a02dd elementor-widget elementor-widget-heading\" data-id=\"a9a02dd\" data-element_type=\"widget\" data-e-type=\"widget\" data-widget_type=\"heading.default\">\n\t\t\t\t<div class=\"elementor-widget-container\">\n\t\t\t\t\t<h4 class=\"elementor-heading-title elementor-size-default\">Hier gibt es das goldene Gl\u00fcck in Gl\u00e4sern...<\/h4>\t\t\t\t<\/div>\n\t\t\t\t<\/div>\n\t\t\t\t<div class=\"elementor-element elementor-element-ea92ade elementor-widget elementor-widget-text-editor\" data-id=\"ea92ade\" data-element_type=\"widget\" data-e-type=\"widget\" data-widget_type=\"text-editor.default\">\n\t\t\t\t<div class=\"elementor-widget-container\">\n\t\t\t\t\t\t\t\t\t<p>Der Vereinshonig ist von Mai bis September an jedem 1. und 3. Sonntag von 10 &#8211; 13 Uhr am Lehrbienenstand, Altenrather Str. 51 in 53840 Troisdorf, <span style=\"text-align: var(--text-align);\">erh\u00e4ltlich. Dar\u00fcber hinaus bieten unsere Mitglieder den von ihren Bienen produzierten Honig und weitere Produkte an.<\/span><\/p>\t\t\t\t\t\t\t\t<\/div>\n\t\t\t\t<\/div>\n\t\t\t\t<div class=\"elementor-element elementor-element-bef8629 elementor-widget elementor-widget-accordion\" data-id=\"bef8629\" data-element_type=\"widget\" data-e-type=\"widget\" data-widget_type=\"accordion.default\">\n\t\t\t\t<div class=\"elementor-widget-container\">\n\t\t\t\t\t\t\t<div class=\"elementor-accordion\">\n\t\t\t\t\t\t\t<div class=\"elementor-accordion-item\">\n\t\t\t\t\t<div id=\"elementor-tab-title-2001\" class=\"elementor-tab-title\" data-tab=\"1\" role=\"button\" aria-controls=\"elementor-tab-content-2001\" aria-expanded=\"false\">\n\t\t\t\t\t\t\t\t\t\t\t\t\t<span class=\"elementor-accordion-icon elementor-accordion-icon-left\" aria-hidden=\"true\">\n\t\t\t\t\t\t\t\t\t\t\t\t\t\t\t<span class=\"elementor-accordion-icon-closed\"><i class=\"fas fa-plus\"><\/i><\/span>\n\t\t\t\t\t\t\t\t<span class=\"elementor-accordion-icon-opened\"><i class=\"fas fa-minus\"><\/i><\/span>\n\t\t\t\t\t\t\t\t\t\t\t\t\t\t<\/span>\n\t\t\t\t\t\t\t\t\t\t\t\t<a class=\"elementor-accordion-title\" tabindex=\"0\">K\u00f6nigswinter<\/a>\n\t\t\t\t\t<\/div>\n\t\t\t\t\t<div id=\"elementor-tab-content-2001\" class=\"elementor-tab-content elementor-clearfix\" data-tab=\"1\" role=\"region\" aria-labelledby=\"elementor-tab-title-2001\"><p>Eva Renfordt, Zur Laubach 5, 53639 K\u00f6nigswinter &#8211; Telefon: +491784573337, E-Mail: renfordt@gmx.de<\/p><p><strong>Produkte:<\/strong> Honig: Waben- und Schleuderhonig<\/p><\/div>\n\t\t\t\t<\/div>\n\t\t\t\t\t\t\t<div class=\"elementor-accordion-item\">\n\t\t\t\t\t<div id=\"elementor-tab-title-2002\" class=\"elementor-tab-title\" data-tab=\"2\" role=\"button\" aria-controls=\"elementor-tab-content-2002\" aria-expanded=\"false\">\n\t\t\t\t\t\t\t\t\t\t\t\t\t<span class=\"elementor-accordion-icon elementor-accordion-icon-left\" aria-hidden=\"true\">\n\t\t\t\t\t\t\t\t\t\t\t\t\t\t\t<span class=\"elementor-accordion-icon-closed\"><i class=\"fas fa-plus\"><\/i><\/span>\n\t\t\t\t\t\t\t\t<span class=\"elementor-accordion-icon-opened\"><i class=\"fas fa-minus\"><\/i><\/span>\n\t\t\t\t\t\t\t\t\t\t\t\t\t\t<\/span>\n\t\t\t\t\t\t\t\t\t\t\t\t<a class=\"elementor-accordion-title\" tabindex=\"0\">Lohmar<\/a>\n\t\t\t\t\t<\/div>\n\t\t\t\t\t<div id=\"elementor-tab-content-2002\" class=\"elementor-tab-content elementor-clearfix\" data-tab=\"2\" role=\"region\" aria-labelledby=\"elementor-tab-title-2002\"><p>Stephan Lehmann, Burgf\u00fcllkannen 28, 53797 Lohmar &#8211; Telefon: +4917696233950, E-Mail: lehste2@web.de<\/p><p><strong>Produkte:<\/strong> Honig: Waben-, Tropf- und Schleuderhonig<\/p><\/div>\n\t\t\t\t<\/div>\n\t\t\t\t\t\t\t<div class=\"elementor-accordion-item\">\n\t\t\t\t\t<div id=\"elementor-tab-title-2003\" class=\"elementor-tab-title\" data-tab=\"3\" role=\"button\" aria-controls=\"elementor-tab-content-2003\" aria-expanded=\"false\">\n\t\t\t\t\t\t\t\t\t\t\t\t\t<span class=\"elementor-accordion-icon elementor-accordion-icon-left\" aria-hidden=\"true\">\n\t\t\t\t\t\t\t\t\t\t\t\t\t\t\t<span class=\"elementor-accordion-icon-closed\"><i class=\"fas fa-plus\"><\/i><\/span>\n\t\t\t\t\t\t\t\t<span class=\"elementor-accordion-icon-opened\"><i class=\"fas fa-minus\"><\/i><\/span>\n\t\t\t\t\t\t\t\t\t\t\t\t\t\t<\/span>\n\t\t\t\t\t\t\t\t\t\t\t\t<a class=\"elementor-accordion-title\" tabindex=\"0\">Niederkassel<\/a>\n\t\t\t\t\t<\/div>\n\t\t\t\t\t<div id=\"elementor-tab-content-2003\" class=\"elementor-tab-content elementor-clearfix\" data-tab=\"3\" role=\"region\" aria-labelledby=\"elementor-tab-title-2003\"><p>Christian Klein &amp; Stefan G\u00f6bel, Lerchenstr. 10, 53859 Niederkassel-Mondorf &#8211; Telefon: +4917655374558<\/p><\/div>\n\t\t\t\t<\/div>\n\t\t\t\t\t\t\t<div class=\"elementor-accordion-item\">\n\t\t\t\t\t<div id=\"elementor-tab-title-2004\" class=\"elementor-tab-title\" data-tab=\"4\" role=\"button\" aria-controls=\"elementor-tab-content-2004\" aria-expanded=\"false\">\n\t\t\t\t\t\t\t\t\t\t\t\t\t<span class=\"elementor-accordion-icon elementor-accordion-icon-left\" aria-hidden=\"true\">\n\t\t\t\t\t\t\t\t\t\t\t\t\t\t\t<span class=\"elementor-accordion-icon-closed\"><i class=\"fas fa-plus\"><\/i><\/span>\n\t\t\t\t\t\t\t\t<span class=\"elementor-accordion-icon-opened\"><i class=\"fas fa-minus\"><\/i><\/span>\n\t\t\t\t\t\t\t\t\t\t\t\t\t\t<\/span>\n\t\t\t\t\t\t\t\t\t\t\t\t<a class=\"elementor-accordion-title\" tabindex=\"0\">Sankt Augustin<\/a>\n\t\t\t\t\t<\/div>\n\t\t\t\t\t<div id=\"elementor-tab-content-2004\" class=\"elementor-tab-content elementor-clearfix\" data-tab=\"4\" role=\"region\" aria-labelledby=\"elementor-tab-title-2004\"><p>Vadim Naif, Bernsteinstr. 15, 53757 Sankt Augustin &#8211; Telefon: +491773607166<\/p><\/div>\n\t\t\t\t<\/div>\n\t\t\t\t\t\t\t<div class=\"elementor-accordion-item\">\n\t\t\t\t\t<div id=\"elementor-tab-title-2005\" class=\"elementor-tab-title\" data-tab=\"5\" role=\"button\" aria-controls=\"elementor-tab-content-2005\" aria-expanded=\"false\">\n\t\t\t\t\t\t\t\t\t\t\t\t\t<span class=\"elementor-accordion-icon elementor-accordion-icon-left\" aria-hidden=\"true\">\n\t\t\t\t\t\t\t\t\t\t\t\t\t\t\t<span class=\"elementor-accordion-icon-closed\"><i class=\"fas fa-plus\"><\/i><\/span>\n\t\t\t\t\t\t\t\t<span class=\"elementor-accordion-icon-opened\"><i class=\"fas fa-minus\"><\/i><\/span>\n\t\t\t\t\t\t\t\t\t\t\t\t\t\t<\/span>\n\t\t\t\t\t\t\t\t\t\t\t\t<a class=\"elementor-accordion-title\" tabindex=\"0\">Siegburg<\/a>\n\t\t\t\t\t<\/div>\n\t\t\t\t\t<div id=\"elementor-tab-content-2005\" class=\"elementor-tab-content elementor-clearfix\" data-tab=\"5\" role=\"region\" aria-labelledby=\"elementor-tab-title-2005\"><p>Christian Puchalski, Katharinenstr. 59, 53721 Siegburg &#8211; Telefon: +4915129103011- <strong>Produkte:<\/strong> Honig<\/p><\/div>\n\t\t\t\t<\/div>\n\t\t\t\t\t\t\t<div class=\"elementor-accordion-item\">\n\t\t\t\t\t<div id=\"elementor-tab-title-2006\" class=\"elementor-tab-title\" data-tab=\"6\" role=\"button\" aria-controls=\"elementor-tab-content-2006\" aria-expanded=\"false\">\n\t\t\t\t\t\t\t\t\t\t\t\t\t<span class=\"elementor-accordion-icon elementor-accordion-icon-left\" aria-hidden=\"true\">\n\t\t\t\t\t\t\t\t\t\t\t\t\t\t\t<span class=\"elementor-accordion-icon-closed\"><i class=\"fas fa-plus\"><\/i><\/span>\n\t\t\t\t\t\t\t\t<span class=\"elementor-accordion-icon-opened\"><i class=\"fas fa-minus\"><\/i><\/span>\n\t\t\t\t\t\t\t\t\t\t\t\t\t\t<\/span>\n\t\t\t\t\t\t\t\t\t\t\t\t<a class=\"elementor-accordion-title\" tabindex=\"0\">Troisdorf<\/a>\n\t\t\t\t\t<\/div>\n\t\t\t\t\t<div id=\"elementor-tab-content-2006\" class=\"elementor-tab-content elementor-clearfix\" data-tab=\"6\" role=\"region\" aria-labelledby=\"elementor-tab-title-2006\"><p>Anett Stelzer, Glockenstr. 13, 53844 Troisdorf-Bergheim &#8211; Telefon: +491718336777 &#8211; <strong>Produkte:<\/strong> Honig, Kerzen<\/p><p>Martina Herwig, Spicher Str. 83, 53844 Troisdorf-Sieglar &#8211; Telefon: +4922412328880, E-Mail: herwighonig@gmx.de<\/p><p>Mihailo Celeski, Biggeseestr. 46, 53844 Troisdorf-Kriegsdorf &#8211; Telefon: +4922411232474, E-Mail: imkerei@celeski.de<\/p><\/div>\n\t\t\t\t<\/div>\n\t\t\t\t\t\t\t\t<\/div>\n\t\t\t\t\t\t<\/div>\n\t\t\t\t<\/div>\n\t\t\t\t\t<\/div>\n\t\t\t\t<\/div>\n\t\t\t\t<\/div>\n\t\t","protected":false},"excerpt":{"rendered":"<p>\u201eHonig: Nat\u00fcrliches Gold mit vielseitigen Vorteilen\u201cHonig ist ein nat\u00fcrliches S\u00fc\u00dfungsmittel, das von Honigbienen (Apis mellifera) aus dem Nektar von Bl\u00fcten produziert wird. Durch einen Prozess der enzymatischen Aktivit\u00e4t und die Verdunstung von Wasser verwandeln die Bienen den Nektar in Honig und lagern ihn in Waben.Honig ist nicht nur ein vielseitiges Lebensmittel, sondern auch f\u00fcr seine [&hellip;]<\/p>\n","protected":false},"author":1,"featured_media":0,"parent":0,"menu_order":0,"comment_status":"closed","ping_status":"closed","template":"","meta":{"footnotes":""},"class_list":["post-136","page","type-page","status-publish","hentry"],"_links":{"self":[{"href":"https:\/\/imkerverein-troisdorf.de\/newWebsite\/wp-json\/wp\/v2\/pages\/136","targetHints":{"allow":["GET"]}}],"collection":[{"href":"https:\/\/imkerverein-troisdorf.de\/newWebsite\/wp-json\/wp\/v2\/pages"}],"about":[{"href":"https:\/\/imkerverein-troisdorf.de\/newWebsite\/wp-json\/wp\/v2\/types\/page"}],"author":[{"embeddable":true,"href":"https:\/\/imkerverein-troisdorf.de\/newWebsite\/wp-json\/wp\/v2\/users\/1"}],"replies":[{"embeddable":true,"href":"https:\/\/imkerverein-troisdorf.de\/newWebsite\/wp-json\/wp\/v2\/comments?post=136"}],"version-history":[{"count":20,"href":"https:\/\/imkerverein-troisdorf.de\/newWebsite\/wp-json\/wp\/v2\/pages\/136\/revisions"}],"predecessor-version":[{"id":3406,"href":"https:\/\/imkerverein-troisdorf.de\/newWebsite\/wp-json\/wp\/v2\/pages\/136\/revisions\/3406"}],"wp:attachment":[{"href":"https:\/\/imkerverein-troisdorf.de\/newWebsite\/wp-json\/wp\/v2\/media?parent=136"}],"curies":[{"name":"wp","href":"https:\/\/api.w.org\/{rel}","templated":true}]}}