{"id":213,"date":"2021-10-01T14:38:50","date_gmt":"2021-10-01T12:38:50","guid":{"rendered":"http:\/\/imkerverein-troisdorf.de\/newWebsite\/?page_id=213"},"modified":"2024-01-06T18:20:44","modified_gmt":"2024-01-06T17:20:44","slug":"die-biene","status":"publish","type":"page","link":"https:\/\/imkerverein-troisdorf.de\/newWebsite\/die-biene\/","title":{"rendered":"Die Honigbiene"},"content":{"rendered":"\n<p><strong>Die Honigbiene &#8211; ein besonderes Insekt<br><\/strong><br>In Deutschland und Nachbarl\u00e4ndern ist die europ\u00e4ische Honigbiene (Apis mellifera millifera alias Dunkle Biene) heimisch. Auf Grund dessen, dass die meisten Imker die sanftm\u00fctigere und leistungsst\u00e4rkere Buckfast- oder Carnica-Biene (Apis mellifera carnica alias K\u00e4rtner Biene) halten, ist die urspr\u00fcngliche einheimische Honigbiene in Mitteleuropa nur noch selten zu finden. Die Honigbiene ist neben Rind und Schwein das dritt wichtigste Nutztiere in Deutschland und von gro\u00dfer \u00f6konomischer Bedeutung. Sie lebt in einem gro\u00dfen Staatenbund, dem sogenannten Bienenvolk.<br><br>Zu der nat\u00fcrlichen Entwicklung eines jeden Bienenvolkes geh\u00f6rt es, dass einmal im Jahr ein Schwarm aus diesem auszieht. Dieser Schwarm dient der Vermehrung der eigenen Art, da aus dem Schwarm innerhalb k\u00fcrzester Zeit ein neues Volk heranw\u00e4chst. Zu den T\u00e4tigkeiten eines Imkers geh\u00f6rt also neben der Versorgung seiner V\u00f6lker auch die \u201eJagd&#8220; nach herrenlosen Bienenschw\u00e4rmen. Falls sich also ein Bienenschwarm an Ihrem Haus oder in Ihrem Garten niedergelassen hat, kontaktieren Sie bitte einen unserer Imker: <a href=\"https:\/\/imkerverein-troisdorf.de\/newWebsite\/bienenschwarm-service-2\/\" data-type=\"page\" data-id=\"382\" target=\"_blank\" rel=\"noreferrer noopener\">Bienenschwarm-Service<\/a><br><br><strong>Drei verschiedene Bienenarten des Volks<br><\/strong><br>1. Die <strong>Arbeiterin<\/strong>: sie \u00fcbernimmt s\u00e4mtliche Arbeiten im Volk, vom putzen der Zellen \u00fcber die Fluglochwache bis hin zu Sammelfl\u00fcgen.<br>2. Die <strong>K\u00f6nigin<\/strong>: sie ist das Oberhaupt im Volk, etwas gr\u00f6\u00dfer und l\u00e4nger als die Arbeiterin. Sie kann je nach Jahreszeit pro Tag bis zu 2.000 Eier legen.<br>3. Der <strong>Drohn<\/strong>: die m\u00e4nnliche Biene, ist viel gr\u00f6\u00dfer und dicker als die Arbeiterin und hat keinen Stachel. Die einzige Aufgabe der m\u00e4nnlichen Biene dient der Begattung der K\u00f6nigin.<br><br>Neben unserer Honigbiene, die von Imkern gehalten wird, gibt es auch noch eine Vielzahl von Wild- und Solit\u00e4rbienen. Diese Bienen sind in der Regel einzeln lebende Insekten.<br><\/p>\n\n\n\n<figure class=\"wp-block-image size-full is-resized\"><img decoding=\"async\" width=\"200\" height=\"150\" src=\"https:\/\/imkerverein-troisdorf.de\/newWebsite\/wp-content\/uploads\/2021\/10\/bienen.jpg\" alt=\"\" class=\"wp-image-251\" style=\"width:296px;height:222px\"\/><\/figure>\n\n\n\n<p>Am 1. bis 3. Tag nach dem Schlupf putzen die jungen Bienen freigewordene Brutzellen um Krankheiten vorzubeugen. Vom 3. bis zum 12. Tag \u00fcbernehmen sie Amment\u00e4tigkeiten, d.h. sie f\u00fcttern die Larven mit dem durch Pollen selbstproduzierten Futtersaft. Des weiteren versorgen sie die K\u00f6nigin im Hofstaat, verdeckeln Brutzellen und putzen sowie f\u00fcttern Stockgenossinnen und Drohnen. Ab dem 12. Tag nehmen sie den Nektar von heimkehrenden Sammlerinnen an. Die in den Futtersaftdr\u00fcsen produzierten Enzyme wandeln sie den Nektar in Honig um. Ab jetzt \u00fcbernehmen sie die Kontrolle des Stockeingangs (W\u00e4chterbiene), stampfen Pollen ein und scheiden Wachssch\u00fcppchen aus, die zum Bau der Waben gebraucht werden. Ab dem 20. Tag beginnen die Sammelfl\u00fcge um Nektar, Pollen aber auch Wasser (zur K\u00fchlung) oder Propolis (Kittharz) einzutragen. Die Arbeiten sind in einem Bienenvolk niemals fest an die genannten Tage gebunden, so k\u00f6nnen bei Bedarf einige Aufgaben von den Bienen \u00fcberspringen bzw. fr\u00fcher oder sp\u00e4ter durchgef\u00fchrt werden.<br><br>Im Sommer stirbt eine normale Arbeiterin nach ca. 3 Wochen, w\u00e4hrend sie im Winter auf Grund der wenigen Arbeiten die sie verrichten muss, bis zu 8 Monate alt werden kann. Sie hilft dabei, das Volk \u00fcber den Winter zu bringen &#8211; daher auch der Name &#8222;Winterbiene&#8220;. Sie ist wesentlich kleiner als die nur kurzlebende Sommerbiene.<\/p>\n","protected":false},"excerpt":{"rendered":"<p>Die Honigbiene &#8211; ein besonderes InsektIn Deutschland und Nachbarl\u00e4ndern ist die europ\u00e4ische Honigbiene (Apis mellifera millifera alias Dunkle Biene) heimisch. Auf Grund dessen, dass die meisten Imker die sanftm\u00fctigere und leistungsst\u00e4rkere Buckfast- oder Carnica-Biene (Apis mellifera carnica alias K\u00e4rtner Biene) halten, ist die urspr\u00fcngliche einheimische Honigbiene in Mitteleuropa nur noch selten zu finden. Die Honigbiene [&hellip;]<\/p>\n","protected":false},"author":1,"featured_media":0,"parent":0,"menu_order":0,"comment_status":"closed","ping_status":"closed","template":"","meta":{"footnotes":""},"class_list":["post-213","page","type-page","status-publish","hentry"],"_links":{"self":[{"href":"https:\/\/imkerverein-troisdorf.de\/newWebsite\/wp-json\/wp\/v2\/pages\/213","targetHints":{"allow":["GET"]}}],"collection":[{"href":"https:\/\/imkerverein-troisdorf.de\/newWebsite\/wp-json\/wp\/v2\/pages"}],"about":[{"href":"https:\/\/imkerverein-troisdorf.de\/newWebsite\/wp-json\/wp\/v2\/types\/page"}],"author":[{"embeddable":true,"href":"https:\/\/imkerverein-troisdorf.de\/newWebsite\/wp-json\/wp\/v2\/users\/1"}],"replies":[{"embeddable":true,"href":"https:\/\/imkerverein-troisdorf.de\/newWebsite\/wp-json\/wp\/v2\/comments?post=213"}],"version-history":[{"count":7,"href":"https:\/\/imkerverein-troisdorf.de\/newWebsite\/wp-json\/wp\/v2\/pages\/213\/revisions"}],"predecessor-version":[{"id":2504,"href":"https:\/\/imkerverein-troisdorf.de\/newWebsite\/wp-json\/wp\/v2\/pages\/213\/revisions\/2504"}],"wp:attachment":[{"href":"https:\/\/imkerverein-troisdorf.de\/newWebsite\/wp-json\/wp\/v2\/media?parent=213"}],"curies":[{"name":"wp","href":"https:\/\/api.w.org\/{rel}","templated":true}]}}