{"id":2868,"date":"2024-06-09T20:42:17","date_gmt":"2024-06-09T18:42:17","guid":{"rendered":"https:\/\/imkerverein-troisdorf.de\/newWebsite\/?page_id=2868"},"modified":"2025-03-26T13:12:40","modified_gmt":"2025-03-26T12:12:40","slug":"mitglied-werden","status":"publish","type":"page","link":"https:\/\/imkerverein-troisdorf.de\/newWebsite\/imker-werden\/mitglied-werden\/","title":{"rendered":"Mitglied werden"},"content":{"rendered":"\n<p>Sie m\u00f6chten Mitglied im Imkerverein Troisdorf 1904 e. V. werden? Hierf\u00fcr steht Ihnen unser Mitgliederantrag zur Verf\u00fcgung. Bitte beachten Sie, dass dieser zun\u00e4chst durch den Vorstand beraten und beschlossen wird. Bei Fragen zum Verein stehen wir Ihnen unter info@imverkverein-troisdorf.de zur Verf\u00fcgung.<\/p>\n\n\n\n<div data-wp-interactive=\"core\/file\" class=\"wp-block-file aligncenter\"><object data-wp-bind--hidden=\"!state.hasPdfPreview\" hidden class=\"wp-block-file__embed\" data=\"https:\/\/imkerverein-troisdorf.de\/newWebsite\/wp-content\/uploads\/2025\/03\/Aufnahmeantrag-Imkerverein-Troisdorf-1904-e.V.-mit-Satzung-und-DSGVO-ab-03.2025.pdf\" type=\"application\/pdf\" style=\"width:100%;height:600px\" aria-label=\"Einbettung von Aufnahmeantrag Imkerverein Troisdorf 1904 e.V. mit Satzung und DSGVO ab 03.2025.\"><\/object><a id=\"wp-block-file--media-8cb002fe-aeb8-4ed0-86c9-7c838c9aedd8\" href=\"https:\/\/imkerverein-troisdorf.de\/newWebsite\/wp-content\/uploads\/2025\/03\/Aufnahmeantrag-Imkerverein-Troisdorf-1904-e.V.-mit-Satzung-und-DSGVO-ab-03.2025.pdf\">Aufnahmeantrag Imkerverein Troisdorf 1904 e.V. mit Satzung und DSGVO ab 03.2025<\/a><\/div>\n","protected":false},"excerpt":{"rendered":"<p>Sie m\u00f6chten Mitglied im Imkerverein Troisdorf 1904 e. V. werden? Hierf\u00fcr steht Ihnen unser Mitgliederantrag zur Verf\u00fcgung. Bitte beachten Sie, dass dieser zun\u00e4chst durch den Vorstand beraten und beschlossen wird. Bei Fragen zum Verein stehen wir Ihnen unter info@imverkverein-troisdorf.de zur Verf\u00fcgung.<\/p>\n","protected":false},"author":162,"featured_media":0,"parent":219,"menu_order":1,"comment_status":"closed","ping_status":"closed","template":"","meta":{"footnotes":""},"class_list":["post-2868","page","type-page","status-publish","hentry"],"_links":{"self":[{"href":"https:\/\/imkerverein-troisdorf.de\/newWebsite\/wp-json\/wp\/v2\/pages\/2868","targetHints":{"allow":["GET"]}}],"collection":[{"href":"https:\/\/imkerverein-troisdorf.de\/newWebsite\/wp-json\/wp\/v2\/pages"}],"about":[{"href":"https:\/\/imkerverein-troisdorf.de\/newWebsite\/wp-json\/wp\/v2\/types\/page"}],"author":[{"embeddable":true,"href":"https:\/\/imkerverein-troisdorf.de\/newWebsite\/wp-json\/wp\/v2\/users\/162"}],"replies":[{"embeddable":true,"href":"https:\/\/imkerverein-troisdorf.de\/newWebsite\/wp-json\/wp\/v2\/comments?post=2868"}],"version-history":[{"count":10,"href":"https:\/\/imkerverein-troisdorf.de\/newWebsite\/wp-json\/wp\/v2\/pages\/2868\/revisions"}],"predecessor-version":[{"id":3323,"href":"https:\/\/imkerverein-troisdorf.de\/newWebsite\/wp-json\/wp\/v2\/pages\/2868\/revisions\/3323"}],"up":[{"embeddable":true,"href":"https:\/\/imkerverein-troisdorf.de\/newWebsite\/wp-json\/wp\/v2\/pages\/219"}],"wp:attachment":[{"href":"https:\/\/imkerverein-troisdorf.de\/newWebsite\/wp-json\/wp\/v2\/media?parent=2868"}],"curies":[{"name":"wp","href":"https:\/\/api.w.org\/{rel}","templated":true}]}}