{"id":372,"date":"2021-10-31T16:00:13","date_gmt":"2021-10-31T15:00:13","guid":{"rendered":"http:\/\/imkerverein-troisdorf.de\/newWebsite\/?page_id=372"},"modified":"2026-03-05T19:33:13","modified_gmt":"2026-03-05T18:33:13","slug":"der-verein","status":"publish","type":"page","link":"https:\/\/imkerverein-troisdorf.de\/newWebsite\/der-verein\/","title":{"rendered":"Der Verein"},"content":{"rendered":"\n<p>Am 17. April 1904 wurde der Verein unter dem Namen \u201eBienenzuchtverein Troisdorf\u201c gegr\u00fcndet. <br>Zurzeit hat unser Verein 177 Mitglieder mit insgesamt 822 gemeldeten Bienenv\u00f6lkern (Stand 31.12.2025).<\/p>\n\n\n\n<figure class=\"wp-block-image size-large is-resized\"><img fetchpriority=\"high\" decoding=\"async\" width=\"1024\" height=\"969\" src=\"https:\/\/imkerverein-troisdorf.de\/newWebsite\/wp-content\/uploads\/2026\/03\/Vorstand-2026-und-Beisitzer-1-1024x969.jpg\" alt=\"\" class=\"wp-image-3566\" style=\"width:958px;height:auto\" srcset=\"https:\/\/imkerverein-troisdorf.de\/newWebsite\/wp-content\/uploads\/2026\/03\/Vorstand-2026-und-Beisitzer-1-1024x969.jpg 1024w, https:\/\/imkerverein-troisdorf.de\/newWebsite\/wp-content\/uploads\/2026\/03\/Vorstand-2026-und-Beisitzer-1-300x284.jpg 300w, https:\/\/imkerverein-troisdorf.de\/newWebsite\/wp-content\/uploads\/2026\/03\/Vorstand-2026-und-Beisitzer-1-768x727.jpg 768w, https:\/\/imkerverein-troisdorf.de\/newWebsite\/wp-content\/uploads\/2026\/03\/Vorstand-2026-und-Beisitzer-1-1536x1454.jpg 1536w, https:\/\/imkerverein-troisdorf.de\/newWebsite\/wp-content\/uploads\/2026\/03\/Vorstand-2026-und-Beisitzer-1-2048x1938.jpg 2048w\" sizes=\"(max-width: 1024px) 100vw, 1024px\" \/><figcaption class=\"wp-element-caption\">Unser Vorstand 2026 nebst Beisitzern:<br>Otto Schneider, Georg K\u00fcpper, Georgios Muratidis, Lisa Kornfeld, Christian Klein, Bettina Schneider, Thomas Rosenau, Ralf Enkel und Anett Stelzer<\/figcaption><\/figure>\n\n\n\n<p>In den Monaten Mai bis September ist unser <a href=\"https:\/\/imkerverein-troisdorf.de\/newWebsite\/lehrbienenstand\/\" data-type=\"page\" data-id=\"375\">Lehrbienenstand<\/a> (Waldpark Troisdorf) jeden ersten und dritten Sonntag im Monat zwischen 10 und 13 Uhr f\u00fcr Besucher und Interessierte ge\u00f6ffnet. Unser erster Vorsitzender ist seit November 2013 Thomas Rosenau.<br><br>Die Zucht von K\u00f6niginnen hat in unserem Verein eine langj\u00e4hrige Tradition und somit konnten wir in dieser Zeit unsere Zucht immer mehr perfektionieren. Unsere aktuelle Zucht provitiert ma\u00dfgeblich von den Erfahrungen und Errungenschaften unserer Vorg\u00e4nger. Unter der Rubrik <a href=\"https:\/\/imkerverein-troisdorf.de\/newWebsite\/koeniginnenzucht\/\" data-type=\"page\" data-id=\"215\">K\u00f6niginnenzucht <\/a>finden Sie alle wichtigen Informationen zu unseren leistungsstarken K\u00f6niginnen.<\/p>\n","protected":false},"excerpt":{"rendered":"<p>Am 17. April 1904 wurde der Verein unter dem Namen \u201eBienenzuchtverein Troisdorf\u201c gegr\u00fcndet. Zurzeit hat unser Verein 177 Mitglieder mit insgesamt 822 gemeldeten Bienenv\u00f6lkern (Stand 31.12.2025). In den Monaten Mai bis September ist unser Lehrbienenstand (Waldpark Troisdorf) jeden ersten und dritten Sonntag im Monat zwischen 10 und 13 Uhr f\u00fcr Besucher und Interessierte ge\u00f6ffnet. Unser [&hellip;]<\/p>\n","protected":false},"author":1,"featured_media":0,"parent":0,"menu_order":0,"comment_status":"closed","ping_status":"closed","template":"","meta":{"footnotes":""},"class_list":["post-372","page","type-page","status-publish","hentry"],"_links":{"self":[{"href":"https:\/\/imkerverein-troisdorf.de\/newWebsite\/wp-json\/wp\/v2\/pages\/372","targetHints":{"allow":["GET"]}}],"collection":[{"href":"https:\/\/imkerverein-troisdorf.de\/newWebsite\/wp-json\/wp\/v2\/pages"}],"about":[{"href":"https:\/\/imkerverein-troisdorf.de\/newWebsite\/wp-json\/wp\/v2\/types\/page"}],"author":[{"embeddable":true,"href":"https:\/\/imkerverein-troisdorf.de\/newWebsite\/wp-json\/wp\/v2\/users\/1"}],"replies":[{"embeddable":true,"href":"https:\/\/imkerverein-troisdorf.de\/newWebsite\/wp-json\/wp\/v2\/comments?post=372"}],"version-history":[{"count":10,"href":"https:\/\/imkerverein-troisdorf.de\/newWebsite\/wp-json\/wp\/v2\/pages\/372\/revisions"}],"predecessor-version":[{"id":3626,"href":"https:\/\/imkerverein-troisdorf.de\/newWebsite\/wp-json\/wp\/v2\/pages\/372\/revisions\/3626"}],"wp:attachment":[{"href":"https:\/\/imkerverein-troisdorf.de\/newWebsite\/wp-json\/wp\/v2\/media?parent=372"}],"curies":[{"name":"wp","href":"https:\/\/api.w.org\/{rel}","templated":true}]}}